- (0 - 2))?
28
What is (2 - -2 - (-6 - -11)) + 5 + -12?
-8
16 - (9 + (10 - (-10 + 23)))
10
Calculate (-10 + -11 - (-8 - -1) - -8) + -1.
-7
Evaluate (4 - -2) + -3 + (13 - 5) + -9.
2
What is -15 + (12 - 5) - (4 + 4)?
-16
6 + (-5 - 0) + (-34 - -32)
-1
Calculate (7 - (4 + -14)) + -7 - 10.
0
Evaluate -3 - (13 - 22) - ((-3 - -1) + -3).
11
(4 - 1) + -1 + (-33 - -30) + -12
-13
What is 2 + (0 - (-15 + 5) - (2 + 9))?
1
What is -24 + -5 + 16 - -4 - 7?
-16
What is the value of 4 + (4 - (5 - (-16 - -5 - -8)))?
0
What is -18 + 11 + 6 + 4?
3
What is -13 - (5 + (-23 - 5 - 13))?
23
Evaluate -5 - (-12 + (11 - 10)).
6
What is the value of -1 + (0 - 3) - (0 + 0 - -5)?
-9
Calculate 2 + 2 - (-11 + (6 - -3)).
6
What is the value of 12 + (-6 - (-3 + 9))?
0
What is 4 + (6 - (3 - (-5 + 0) - -1))?
1
Calculate -3 + -3 + 10 + -7 + 2.
-1
What is the value of (36 - (-12 + 14)) + -19 - (1 + -2)?
16
5 - (18 + 5 + -5 + -4)
-9
Evaluate 0 - -3 - 6 - (9 + -11).
-1
-36 + (13 - (-38 - -29))
-14
(-1 - -1 - 2) + -3 + (20 - 21)
-6
8 + (-13 - (-9 - -8))
-4
13 + -24 + (-18 - (-18 + -16))
5
(45 - 52) + (1 - (1 + -1 - 0))
-6
Evaluate -26 + 36 - (1 + -3 + 14).
-2
Evaluate 42 + 0 - (-20 - (-11 - (-27 - -38))).
40
What is the value of -7 - (3 + -1 + -4 + -8)?
3
What is the value of 16 - (-4 + (28 - 14))?
6
(-22 - 3) + (9 - -9)
-7
Evaluate (-17 - -9) + 8 - (21 - 37).
16
Calculate -64 - -71 - (1 - 8) - 4.
10
What is (11 + -13 - -4) + (1 - 4) - -19?
18
Calculate -6 - (-9 - 4) - (-2 + 4 + 4).
1
Evaluate 13 + (-83 - -77 - (2 + -1 - 3)).
9
Evaluate 7 + (-7 - (-2 + 5 + -14)).
11
Calculate 14 + (-3 - 8) + 4.
7
What is -6 + 2 - ((7 + 3 - -10) + -4)?
-20
-2 - (-12 + (6 - (-1 - -2 - -8)))
13
Calculate -9 + (11 - (-8 + (-3 - -11))).
2
What is 3 + 0 + -9 + (7 - 23 - -2)?
-20
4 + 191 + -233 + 18 + -2
-22
5 - 19 - (8 - 8)
-14
Evaluate -2 - 0 - -9 - (-4 + 1).
10
Evaluate -18 - (-40 + 17) - -21.
26
What is the value of -19 - (3 + 0 + 5 + -14 + 6)?
-19
Calculate -8 - (-9 - (8 + -8 + 5)).
6
What is (2 - 5) + -13 + (-10 - -26)?
0
Calculate -14 + (37 + -19 - 10).
-6
What is 2 + -1 + 6 + 9 + -42 + 34?
8
Calculate 14 + (0 + -5 - 6).
3
What is the value of 23 + 10 - (-3 - -8 - (-6 - -3))?
25
Evaluate (-3 - -10) + -43 + 45 + -21.
-12
-2 + 4 + 1 + -9
-6
Calculate 1 + 13 - (-2 - (-11 + 15) - -11).
9
What is 18 + -6 + 18 + -17?
13
7 + (3 - (-6 + 12) - (-4 + -2))
10
What is the value of -13 - -7 - (-6 - (2 - 15))?
-13
Evaluate (14 - (12 - 7)) + 2.
11
What is the value of (15 - (0 + 5)) + -3 + 0 - 21?
-14
-4 + 1 - (-16 + (5 - (1 + 7)))
16
What is the value of (-2 + -6 - -6) + -4 + 6?
0
Evaluate -6 - (7 + 9 + -28 + 7).
-1
What is 22 + (1 + 0 - (13 - 8))?
18
What is 31 + -40 + 1 - (-5 + (0 - 0))?
-3
Calculate -6 + 2 + 1 - (1 - 11).
7
-5 - (-27 - (-27 - -13))
8
What is the value of ((3 - 2) + 8 + -4 - 2) + 13?
16
What is -3 - (5 - 0 - (-21 + 40))?
11
Calculate 2 + 1 - (3 - (-14 + 6) - 3).
-5
9 + (-13 - -4) + -10 + -5
-15
(-11 + -13 - (-9 - -2)) + 4
-13
What is 0 - (15 - 4 - (1 + -2))?
-12
What is the value of -1 + (-7 + (2 - -12) - 12)?
-6
Evaluate 3 - ((2 - 10) + 3 - -14).
-6
2 - (0 + 7) - 5
-10
What is the value of 0 + 22 - ((-1 - -40) + -32)?
15
Evaluate -5 + (-4 - (-6 - -3)) - -8.
2
What is (27 + 27 - 19) + -28?
7
What is -20 + -2 + 37 + -14 + 3?
4
What is -16 + -31 + 49 - ((-2 - -12) + 1)?
-9
Evaluate 16 + (-4 - 8) - (-9 + 0).
13
Calculate 10 + 6 + -13 + 14 + -7.
10
(-9 + -7 - (3 + -11)) + 5 + -5
-8
What is (-1233 - -1274) + (-2 - 58)?
-19
What is the value of (1 - (5 - 2) - (-29 + 34)) + 10?
3
What is -1 + 3 - (33 + (72 - 102))?
-1
What is 0 + 28 - (2 + -14 + 14) - 8?
18
What is the value of -3 + 3 - -21 - (-6 - -8)?
19
(-1 - (9 - 6)) + (6 - -3) + 5
10
Evaluate -34 + (-4 - -5) + -4 - (-23 - -13).
-27
What is -33 - (8 - (1 + 11 + 9))?
-20
What is the value of 2 - (-17 + (49 - 17) + -5)?
-8
What is 9 + -24 + -2 + 2?
-15
Evaluate -4 - (3 + -15 + 3 + 10).
-5
(4 - (8 + -2 - 5)) + -20
-17
Evaluate (15 - (-12 + -3 + -3)) + -3.
30
Evaluate -12 + 2 + -15 + (-6 - (-5 - 16)).
-10
What is -30 + (-30 - -54) + 2?
-4
Calculate -3 + 11 + (-5 - (3 - 10 - -8)).
2
What is 7 + 31 + (-27 - -15)?
26
Calculate -15 - (-49 + 60 - (-1 - -1 - -8)).
-18
Evaluate (6 - -5) + (5 + -1 - (-13 + 12)).
16
Evaluate -2 + -7 + (6 - (1 + 6 + 7)).
-17
-2 + -7 + -5 + 12 + -15
-17
What is -19 - (7 - (18 + 4 + -8))?
-12
Evaluate -21 + 42 + -9 - 10.
2
Calculate 12 + (-1 + -3 - (24 - -1)).
-17
2 + -12 + 28 - 8
10
What is the value of 4 + 3 + -21 + 23?
9
What is the value of -7 - (-8 + 10 + -5) - (-7 - -15)?
-12
What is -71 - -74 - (-4 + 1) - -3?
9
Calculate 25 + (-32 + 18 + 35 - 10).
36
8 + -20 + 3 + (-1 - -8)
-2
What is -7 - -1 - (1 - (12 + -4))?
1
Evaluate 0 + -5 + (2 - -9) + 2.
8
Evaluate 52 - (28 + (-1 - -8)).
17
What is 1 + -1 + (3 - -19) + -40?
-18
What is (8 - 4) + (5 + 1 - 12 - 1)?
-3
What is the value of (-6 - 1 - -12 - -1) + 2?
8
What is the value of -3 - (-17 + 25 - 4)?
-7
(7 - 1 - 20) + (2 - 3)
-15
Evaluate (-9 - -10) + -18 + -7 + 14.
-10
(-12 + -6 - -9) + 17
8
What is 3 + 0 - (10 + (-4 + -2 - 0))?
-1
What is -9 - (0 + -8 - (-30 + 5 - 4))?
-30
12 + -13 + (26 - 11)
14
What is the value of (9 + -20 - (-22 + -1)) + -10?
2
Calculate 3 + (-4 - -10) - (-16 - (-5 - 3)).
17
-49 + -12 + 27 + 70
36
What is 22 - -2 - 21 - (-2 - (-6 - -1))?
0
Calculate (1 + (17 - 9) - -1) + -24.
-14
(3 - -5 - (-40 + 48)) + -9
-9
Calculate -9 + -8 + (-6 + 28 - 16).
-11
Evaluate (12 - ((12 - 2) + -8)) + 5.
15
What is the value of -30 + -5 + (-28 - -37)?
-26
(29 - 58) + (14 - (-13 - -9))
-11
What is the value of 0 + (3 + -4 - -7 - 10) + 0?
-4
What is -9 + (3 - (-3 + -2 + (-4 - -13)))?
-10
Evaluate 13 + (16 + 2 - 13).
18
What is 8 - (15 + -8 - 2)?
3
Calculate -13 - -22 - 4 - -1.
6
Calculate 10 - (23 - 14) - -8.
9
What is the value of -11 - (-8 - (33 + -14 + -13))?
3
11 - (-3 + (14 - (16 + -1)))
15
Evaluate -2 + (-6 - -1) + 1 - (-172 - -189).
-23
Evaluate 19 - 21 - (0 - 13 - -3).
8
Evaluate -7 + 12 + -11 + 8 + -1.
1
What is 2 + 4 + -6 + 8?
8
What is -5 - (23 - (-14 + 56))?
14
What is the value of -1 - (6 + 4 + -3) - -8?
0
What is the value of 21 - (-36 - -14 - -54)?
-11
What is the value of (-8 - 11) + 9 + (-6 - -16)?
0
What is 12 + -1 + (-53 - -63) + -18?
3
What is the value of -5 - -1 - (-5 + 6) - (-5 - 9)?
9
What is the value of 8 - 3 - 16 - (-1 + -2)?
-8
What is the value of 4 + -6 + (-2 - (13 + -23))?
6
(-16 - -29 - 5) + -26
-18
Evaluate (3 - (3 - (10 - 13))) + -2 - -28.
23
What is (-31 - -49) + (1 - 0) + -11?
8
Evaluate (-9 + 9 - 12) + 10 + (-3 - 2).
-7
Evaluate -13 + (15 - (-15 - -15)) + (10 - 1).
11
-14 - (-11 - (-6 - (-4 + 5)))
-10
What is the value of -2 + 3 - (65 + -104)?
40
What is (13 + -23 + -1 - -7) + -22?
-26
1 + (-3 - 5 - -3) + (-2 - 4)
-10
Calculate 6 - (6 - (4 - (2 + (2 - -2)))).
-2
What is the value of -17 - -37 - 7 - 17?
-4
Calculate 3 + -2 - (6 - -65 - 63).
-7
Evaluate 10 - (0 - -19 - (-97 + 106)).
0
Evaluate -3 + (-3 - -20 - -6).
20
Evaluate 2 + -3 - (-13 + 2).
10
-23 - ((-7 - (10 - (-5 - -14))) + 9)
-24
Evaluate -17 + (27 - (29 - 15)).
-4
-1 - (-8 + (-15 - -1))
21
What is -4 + -4 - 0 - 4?
-12
What is the value of (-3 - 0) + 0 + -27 + 38?
8
32 - (61 - (-12 + 17))
-24
What is the value of 27 - (-3 + 73 - 20)?
-23
-6 + (-11 - (-31 + 11)) + 12
15
What is the value of 5 + (-33 + 9 - -11)?
-8
(43 - 22) + -39 + (8 - -2)
-8
What is the value of -466 + 446 + 1 + 31?
12
Evaluate (-7 - (-13 + 7)) + 8 - (-1 - 6).
14
What is 17 + -5 + (-12 - 4) + -1 + 2?
-3
Calculate 9 - ((-7 - -22) + (13 - 8)).
-11
Evaluate 5 + (-1 - (1 + 16)) - (1 + 0).
-14
Calculate -5 + (23 + -5 - 36 - (2 - 11)).
-14
What is (-2 - -2 - (8 + 2 + -10)) + 5?
5
What is the value of -1 + (1 + -11 - (-6 + 5))?
-10
What is the value of (-3 - -18 - -1) + (10 - 10) + -2?
14
33 + -2 + -22 - (22 + 1)
-14
What is the value of 24 - 28 - ((1 - 8) + (4 - 1))?
0
What is the value of -491 - -494 - (1 + (2 - 1))?
1
Calculate -69 - -79 - (30 + 5).
-25
What is 1 + (-15 - -14) + (-3 - -2)?
-1
Calculate 40 + (-33 - 15) + 16 + 1.
9
5 + (2 - 21) + 3 + -7
-18
What is the value of 18 - (8 - 13 - -22)?
1
Evaluate -18 - (25 + -4 + -33).
-6
What is the value of (6 - ((5 - 13) + 8)) + 1?
7
What is -7 + -2 + 25 + -25 + 7?
-2
What is the value of 9 - (7 + 6 + -3 + 0 + -7)?
6
What is 0 + 6 + (-13 + 3 - -20)?
16
What is the value 